prime factors of 56888.
2, 13, 547
List the prime factors of 3832.
2, 479
What are the prime factors of 20028?
2, 3, 1669
List the prime factors of 681.
3, 227
List the prime factors of 401.
401
List the prime factors of 20420.
2, 5, 1021
What are the prime factors of 218?
2, 109
List the prime factors of 25834.
2, 12917
What are the prime factors of 79683?
3, 26561
List the prime factors of 3941.
7, 563
What are the prime factors of 59164?
2, 7, 2113
List the prime factors of 25865.
5, 7, 739
List the prime factors of 3653.
13, 281
List the prime factors of 30133.
30133
List the prime factors of 1946.
2, 7, 139
What are the prime factors of 2785?
5, 557
List the prime factors of 859.
859
List the prime factors of 68832.
2, 3, 239
What are the prime factors of 16601?
13, 1277
What are the prime factors of 34258?
2, 7, 2447
List the prime factors of 360.
2, 3, 5
What are the prime factors of 3622?
2, 1811
List the prime factors of 4042.
2, 43, 47
List the prime factors of 2521.
2521
What are the prime factors of 7165?
5, 1433
List the prime factors of 440.
2, 5, 11
What are the prime factors of 2125?
5, 17
List the prime factors of 876.
2, 3, 73
List the prime factors of 13749.
3, 4583
What are the prime factors of 10948?
2, 7, 17, 23
List the prime factors of 1873.
1873
What are the prime factors of 1509?
3, 503
What are the prime factors of 2611?
7, 373
What are the prime factors of 28930?
2, 5, 11, 263
List the prime factors of 3225.
3, 5, 43
List the prime factors of 3164.
2, 7, 113
What are the prime factors of 27436?
2, 19
What are the prime factors of 82267?
82267
What are the prime factors of 142?
2, 71
List the prime factors of 8214.
2, 3, 37
List the prime factors of 26197.
17, 23, 67
What are the prime factors of 126?
2, 3, 7
List the prime factors of 36.
2, 3
List the prime factors of 88434.
2, 3, 17
What are the prime factors of 4602?
2, 3, 13, 59
List the prime factors of 1791.
3, 199
List the prime factors of 10816.
2, 13
List the prime factors of 2476.
2, 619
List the prime factors of 2.
2
List the prime factors of 23.
23
List the prime factors of 22084.
2, 5521
List the prime factors of 5030.
2, 5, 503
List the prime factors of 4996.
2, 1249
List the prime factors of 31597.
19, 1663
What are the prime factors of 2896?
2, 181
List the prime factors of 5679.
3, 631
List the prime factors of 743.
743
List the prime factors of 5799.
3, 1933
What are the prime factors of 11706?
2, 3, 1951
List the prime factors of 336.
2, 3, 7
What are the prime factors of 35251?
35251
List the prime factors of 9617.
59, 163
What are the prime factors of 1831?
1831
List the prime factors of 603.
3, 67
List the prime factors of 2133.
3, 79
List the prime factors of 16507.
17, 971
What are the prime factors of 61?
61
List the prime factors of 23798.
2, 73, 163
What are the prime factors of 15915?
3, 5, 1061
List the prime factors of 175413.
3, 7, 8353
List the prime factors of 10716.
2, 3, 19, 47
What are the prime factors of 2810?
2, 5, 281
What are the prime factors of 46060?
2, 5, 7, 47
List the prime factors of 1876.
2, 7, 67
What are the prime factors of 488?
2, 61
List the prime factors of 110453.
7, 31, 509
What are the prime factors of 4900?
2, 5, 7
List the prime factors of 1697.
1697
List the prime factors of 1346.
2, 673
List the prime factors of 5018.
2, 13, 193
List the prime factors of 3217.
3217
What are the prime factors of 824?
2, 103
List the prime factors of 227.
227
What are the prime factors of 1091?
1091
List the prime factors of 1737.
3, 193
List the prime factors of 25649.
13, 1973
What are the prime factors of 27367?
27367
What are the prime factors of 34328?
2, 7, 613
What are the prime factors of 1358?
2, 7, 97
What are the prime factors of 2711?
2711
What are the prime factors of 5507?
5507
What are the prime factors of 37704?
2, 3, 1571
What are the prime factors of 1377?
3, 17
What are the prime factors of 101?
101
List the prime factors of 1984.
2, 31
List the prime factors of 572.
2, 11, 13
What are the prime factors of 1935?
3, 5, 43
List the prime factors of 34986.
2, 3, 7, 17
List the prime factors of 4799.
4799
What are the prime factors of 4947?
3, 17, 97
List the prime factors of 10379.
97, 107
List the prime factors of 49259.
7, 31, 227
What are the prime factors of 1223?
1223
What are the prime factors of 22124?
2, 5531
What are the prime factors of 48?
2, 3
List the prime factors of 5620.
2, 5, 281
List the prime factors of 9706.
2, 23, 211
List the prime factors of 145168.
2, 43, 211
List the prime factors of 34741.
7, 709
List the prime factors of 154.
2, 7, 11
What are the prime factors of 11469?
3, 3823
What are the prime factors of 4196?
2, 1049
What are the prime factors of 7455?
3, 5, 7, 71
List the prime factors of 215.
5, 43
What are the prime factors of 2017?
2017
What are the prime factors of 1015?
5, 7, 29
What are the prime factors of 698?
2, 349
What are the prime factors of 1050?
2, 3, 5, 7
What are the prime factors of 1469?
13, 113
What are the prime factors of 17020?
2, 5, 23, 37
What are the prime factors of 6286?
2, 7, 449
List the prime factors of 84207.
3, 28069
What are the prime factors of 3612?
2, 3, 7, 43
What are the prime factors of 1019?
1019
What are the prime factors of 2693?
2693
What are the prime factors of 1510?
2, 5, 151
What are the prime factors of 1358?
2, 7, 97
What are the prime factors of 3854?
2, 41, 47
List the prime factors of 67411.
67411
List the prime factors of 115402.
2, 7, 8243
What are the prime factors of 4762?
2, 2381
What are the prime factors of 7874?
2, 31, 127
List the prime factors of 13937.
7, 11, 181
What are the prime factors of 20479?
20479
List the prime factors of 78572.
2, 13, 1511
What are the prime factors of 4986?
2, 3, 277
What are the prime factors of 3631?
3631
List the prime factors of 75166.
2, 7, 13, 59
List the prime factors of 6328.
2, 7, 113
List the prime factors of 13847.
61, 227
What are the prime factors of 9638?
2, 61, 79
List the prime factors of 114.
2, 3, 19
List the prime factors of 53023.
17, 3119
What are the prime factors of 1098?
2, 3, 61
What are the prime factors of 22137?
3, 47, 157
List the prime factors of 17346.
2, 3, 7, 59
What are the prime factors of 2701?
37, 73
List the prime factors of 49212.
2, 3, 1367
List the prime factors of 342.
2, 3, 19
What are the prime factors of 2153?
2153
What are the prime factors of 32360?
2, 5, 809
What are the prime factors of 3272?
2, 409
List the prime factors of 2629.
11, 239
What are the prime factors of 858?
2, 3, 11, 13
What are the prime factors of 44292?
2, 3, 3691
List the prime factors of 2897.
2897
List the prime factors of 904.
2, 113
List the prime factors of 3396.
2, 3, 283
What are the prime factors of 32251?
32251
What are the prime factors of 1562?
2, 11, 71
What are the prime factors of 1536?
2, 3
List the prime factors of 22459.
37, 607
List the prime factors of 1231.
1231
List the prime factors of 1715.
5, 7
What are the prime factors of 1986?
2, 3, 331
What are the prime factors of 8802?
2, 3, 163
What are the prime factors of 20921?
20921
What are the prime factors of 3126?
2, 3, 521
What are the prime factors of 72085?
5, 13, 1109
What are the prime factors of 7155?
3, 5, 53
List the prime factors of 14521.
13, 1117
List the prime factors of 21751.
21751
List the prime factors of 2286.
2, 3, 127
What are the prime factors of 11914?
2, 7, 23, 37
List the prime factors of 101274.
2, 3, 16879
What are the prime factors of 29162?
2, 7, 2083
What are the prime factors of 184?
2, 23
What are the prime factors of 14787?
3, 31, 53
What are the prime factors of 27571?
79, 349
What are the prime factors of 4870?
2, 5, 487
What are the prime factors of 1897?
7, 271
What are the prime factors of 36589?
7, 5227
List the prime factors of 4164.
2, 3, 347
List the prime factors of 572.
2, 11, 13
List the prime factors of 53360.
2, 5, 23, 29
List the prime factors of 3725.
5, 149
What are the prime factors of 3685?
5, 11, 67
List the prime factors of 9876.
2, 3, 823
List the prime factors of 2807.
7, 401
List the prime factors of 1940.
2, 5, 97
What are the prime factors of 4550?
2, 5, 7, 13
List the prime factors of 68.
2, 17
List the prime factors of 66458.
2, 7, 47